1376?
172
What is the highest common divisor of 252 and 70?
14
Calculate the highest common divisor of 30 and 66.
6
Calculate the greatest common divisor of 47 and 17249.
47
What is the highest common divisor of 64 and 112?
16
What is the highest common divisor of 16 and 264?
8
Calculate the greatest common factor of 180 and 350.
10
Calculate the greatest common factor of 124 and 93.
31
Calculate the highest common factor of 3149 and 335.
67
What is the greatest common divisor of 176 and 512?
16
Calculate the highest common factor of 186 and 806.
62
Calculate the highest common factor of 24 and 1212.
12
What is the greatest common divisor of 1169 and 84?
7
Calculate the highest common divisor of 540 and 18.
18
What is the highest common factor of 756 and 351?
27
What is the greatest common factor of 8710 and 78?
26
What is the highest common factor of 71 and 1633?
71
What is the highest common factor of 28 and 42?
14
Calculate the highest common divisor of 50 and 2.
2
What is the highest common divisor of 5 and 80?
5
What is the highest common factor of 2490 and 525?
15
What is the highest common divisor of 4064 and 1143?
127
Calculate the greatest common factor of 25 and 200.
25
What is the highest common factor of 72 and 54?
18
What is the greatest common divisor of 26 and 507?
13
What is the greatest common factor of 12 and 2028?
12
What is the highest common divisor of 64 and 208?
16
What is the greatest common divisor of 4687 and 763?
109
What is the greatest common divisor of 544 and 480?
32
Calculate the greatest common factor of 340 and 476.
68
What is the greatest common factor of 1 and 269?
1
Calculate the highest common divisor of 1152 and 9.
9
What is the highest common factor of 44 and 198?
22
Calculate the highest common divisor of 162 and 1062.
18
Calculate the greatest common factor of 77 and 1485.
11
What is the greatest common factor of 20188 and 618?
206
Calculate the greatest common factor of 1 and 528.
1
Calculate the greatest common factor of 20 and 795.
5
Calculate the greatest common factor of 52 and 220.
4
Calculate the greatest common divisor of 139 and 11259.
139
Calculate the greatest common factor of 192 and 2048.
64
What is the greatest common factor of 8550 and 25?
25
Calculate the greatest common factor of 245 and 595.
35
Calculate the highest common divisor of 368 and 230.
46
Calculate the highest common factor of 319 and 58.
29
What is the highest common divisor of 66429 and 61?
61
Calculate the highest common factor of 158 and 11376.
158
Calculate the greatest common divisor of 12 and 2676.
12
Calculate the highest common factor of 6251 and 7.
7
What is the highest common divisor of 2 and 959?
1
Calculate the greatest common divisor of 434 and 42.
14
Calculate the greatest common factor of 741 and 1729.
247
Calculate the highest common factor of 44 and 154.
22
What is the highest common divisor of 88 and 1628?
44
Calculate the greatest common divisor of 15 and 10785.
15
What is the greatest common factor of 1240 and 217?
31
What is the highest common factor of 37 and 814?
37
What is the highest common divisor of 2 and 334?
2
Calculate the greatest common factor of 133 and 7.
7
Calculate the greatest common divisor of 2784 and 261.
87
Calculate the highest common factor of 10 and 10.
10
Calculate the greatest common factor of 105 and 11685.
15
Calculate the highest common divisor of 2044 and 14.
14
Calculate the greatest common factor of 26 and 1378.
26
What is the highest common factor of 36 and 1204?
4
What is the greatest common divisor of 26 and 2834?
26
What is the highest common factor of 1862 and 147?
49
What is the greatest common factor of 884 and 52?
52
What is the highest common divisor of 247 and 13?
13
Calculate the greatest common factor of 180 and 80.
20
What is the highest common divisor of 817 and 172?
43
Calculate the highest common divisor of 7434 and 236.
118
Calculate the greatest common divisor of 2412 and 24.
12
Calculate the highest common factor of 8904 and 672.
168
Calculate the highest common divisor of 55 and 1166.
11
What is the highest common divisor of 949 and 52?
13
Calculate the greatest common factor of 7 and 1904.
7
What is the highest common factor of 111 and 2997?
111
What is the highest common factor of 18 and 279?
9
Calculate the highest common divisor of 11886 and 28.
14
Calculate the highest common factor of 171 and 14193.
171
What is the greatest common divisor of 99 and 561?
33
Calculate the highest common factor of 55 and 4455.
55
Calculate the greatest common divisor of 5 and 5170.
5
Calculate the highest common divisor of 1400 and 550.
50
What is the greatest common divisor of 1580 and 20?
20
What is the greatest common factor of 324 and 144?
36
Calculate the greatest common divisor of 2296 and 448.
56
Calculate the greatest common divisor of 6419 and 131.
131
What is the greatest common factor of 46 and 184?
46
Calculate the greatest common divisor of 801 and 178.
89
Calculate the greatest common factor of 164 and 451.
41
What is the greatest common factor of 16 and 2432?
16
What is the highest common divisor of 495 and 1540?
55
What is the greatest common divisor of 80 and 29360?
80
What is the highest common divisor of 230 and 10?
10
What is the highest common factor of 1378 and 39?
13
What is the greatest common factor of 403 and 1040?
13
Calculate the highest common factor of 27 and 5697.
27
Calculate the greatest common factor of 2317 and 7.
7
What is the highest common divisor of 14 and 112?
14
Calculate the greatest common factor of 17108 and 52.
52
What is the greatest common factor of 39 and 624?
39
Calculate the greatest common divisor of 1073 and 232.
29
Calculate the highest common factor of 48 and 496.
16
What is the greatest common divisor of 10 and 54?
2
What is the greatest common divisor of 20544 and 192?
192
Calculate the highest common factor of 128 and 1088.
64
What is the greatest common factor of 81 and 297?
27
What is the greatest common factor of 6 and 30?
6
What is the greatest common divisor of 324 and 16416?
108
What is the greatest common divisor of 37 and 629?
37
Calculate the greatest common factor of 119 and 28.
7
Calculate the greatest common divisor of 1472 and 16.
16
Calculate the greatest common divisor of 703 and 74.
37
Calculate the greatest common factor of 196 and 4.
4
Calculate the greatest common factor of 707 and 77.
7
What is the highest common factor of 820 and 2920?
20
What is the greatest common divisor of 385 and 105?
35
Calculate the highest common divisor of 275 and 58025.
275
What is the greatest common divisor of 9 and 72?
9
What is the highest common factor of 495 and 1089?
99
What is the highest common factor of 150 and 540?
30
Calculate the highest common divisor of 57 and 27683.
19
What is the highest common divisor of 4032 and 2496?
192
Calculate the greatest common divisor of 30 and 38.
2
Calculate the highest common factor of 657 and 1387.
73
Calculate the highest common factor of 528 and 396.
132
Calculate the greatest common divisor of 602 and 43.
43
What is the greatest common divisor of 15678 and 3?
3
Calculate the greatest common factor of 187 and 814.
11
What is the highest common divisor of 36 and 300?
12
What is the highest common factor of 61 and 1891?
61
Calculate the greatest common factor of 126 and 243.
9
What is the highest common divisor of 34 and 16813?
17
Calculate the greatest common divisor of 40 and 1140.
20
Calculate the highest common divisor of 85 and 20.
5
Calculate the greatest common divisor of 24 and 18.
6
Calculate the highest common factor of 23 and 299.
23
Calculate the highest common divisor of 1166 and 44.
22
What is the highest common divisor of 39 and 1027?
13
What is the highest common divisor of 513 and 27?
27
Calculate the highest common factor of 340 and 60.
20
Calculate the highest common divisor of 664 and 8.
8
What is the highest common divisor of 2280 and 160?
40
Calculate the highest common divisor of 98 and 2646.
98
Calculate the greatest common factor of 158 and 7979.
79
Calculate the greatest common factor of 690 and 760.
10
What is the greatest common divisor of 8 and 808?
8
What is the highest common divisor of 41 and 943?
41
What is the greatest common d